actor of 6360 and 240?
120
Calculate the greatest common factor of 27 and 3429.
27
What is the highest common divisor of 50 and 100?
50
Calculate the greatest common divisor of 12 and 24.
12
What is the greatest common divisor of 82 and 26?
2
Calculate the highest common factor of 140 and 910.
70
What is the highest common factor of 20 and 820?
20
Calculate the highest common divisor of 1058 and 506.
46
What is the highest common divisor of 1 and 47?
1
Calculate the greatest common divisor of 2300 and 368.
92
What is the greatest common factor of 1379 and 14?
7
What is the highest common factor of 15085 and 175?
35
Calculate the highest common divisor of 2300 and 391.
23
Calculate the greatest common divisor of 2829 and 552.
69
What is the highest common divisor of 56 and 3920?
56
Calculate the highest common divisor of 4788 and 1482.
114
Calculate the highest common divisor of 18 and 42.
6
Calculate the highest common factor of 312 and 130.
26
What is the highest common factor of 256 and 7808?
128
What is the greatest common divisor of 152 and 11628?
76
What is the greatest common factor of 48 and 512?
16
What is the greatest common factor of 22 and 4884?
22
Calculate the highest common divisor of 135 and 75.
15
What is the greatest common divisor of 288 and 36?
36
Calculate the highest common factor of 140 and 6412.
28
What is the highest common divisor of 52 and 286?
26
Calculate the greatest common divisor of 115 and 1012.
23
What is the greatest common divisor of 105 and 25095?
105
What is the greatest common factor of 5400 and 1404?
108
Calculate the highest common divisor of 9 and 13.
1
Calculate the greatest common factor of 350 and 50.
50
Calculate the greatest common divisor of 178 and 1157.
89
Calculate the highest common divisor of 2 and 16.
2
Calculate the greatest common divisor of 66 and 738.
6
What is the highest common divisor of 13 and 299?
13
Calculate the greatest common divisor of 739 and 1.
1
Calculate the highest common divisor of 12 and 642.
6
Calculate the highest common factor of 24 and 15564.
12
Calculate the highest common factor of 200 and 1100.
100
What is the greatest common divisor of 36 and 4689?
9
What is the greatest common divisor of 19 and 1159?
19
What is the greatest common factor of 130 and 50?
10
What is the greatest common divisor of 54 and 69?
3
What is the greatest common divisor of 195 and 1209?
39
What is the greatest common factor of 3657 and 69?
69
Calculate the highest common divisor of 184 and 40.
8
Calculate the greatest common factor of 2050 and 82.
82
What is the greatest common divisor of 735 and 8967?
147
Calculate the greatest common factor of 6817 and 153.
17
What is the highest common divisor of 11468 and 183?
61
What is the greatest common factor of 280 and 2786?
14
Calculate the greatest common divisor of 18 and 3006.
18
What is the highest common divisor of 805 and 7728?
161
Calculate the greatest common factor of 10 and 640.
10
What is the highest common factor of 24882 and 13?
13
Calculate the highest common divisor of 159 and 171.
3
What is the highest common divisor of 1368 and 4617?
171
What is the greatest common divisor of 1197 and 21?
21
Calculate the highest common factor of 11 and 117.
1
Calculate the highest common divisor of 965 and 386.
193
What is the greatest common divisor of 1905 and 15?
15
What is the highest common divisor of 36 and 684?
36
What is the greatest common divisor of 672 and 42?
42
What is the greatest common factor of 8150 and 40?
10
What is the highest common divisor of 220 and 10?
10
What is the greatest common divisor of 288 and 128?
32
Calculate the greatest common divisor of 3154 and 2324.
166
What is the highest common divisor of 7 and 280?
7
What is the greatest common divisor of 7641 and 27?
27
What is the highest common factor of 20 and 16?
4
Calculate the greatest common factor of 1 and 121.
1
Calculate the greatest common divisor of 357 and 14.
7
Calculate the highest common divisor of 14 and 1722.
14
What is the greatest common factor of 847 and 121?
121
Calculate the highest common factor of 12 and 702.
6
Calculate the greatest common divisor of 10 and 70.
10
Calculate the highest common factor of 182 and 104.
26
Calculate the highest common factor of 21280 and 28.
28
Calculate the greatest common factor of 198 and 90.
18
Calculate the highest common factor of 70 and 3690.
10
Calculate the highest common factor of 55 and 165.
55
Calculate the highest common divisor of 392 and 24.
8
What is the highest common factor of 147 and 945?
21
What is the highest common factor of 255 and 102?
51
Calculate the greatest common divisor of 7092 and 96.
12
Calculate the highest common divisor of 6574 and 342.
38
What is the greatest common factor of 152 and 114?
38
Calculate the highest common divisor of 637 and 63.
7
What is the greatest common divisor of 1064 and 224?
56
Calculate the highest common divisor of 585 and 7137.
117
What is the greatest common divisor of 1216 and 13072?
304
Calculate the greatest common factor of 882 and 54.
18
What is the highest common divisor of 20 and 3880?
20
Calculate the greatest common factor of 210 and 70.
70
What is the highest common factor of 81 and 90?
9
Calculate the greatest common factor of 4042 and 188.
94
Calculate the greatest common factor of 595 and 245.
35
What is the greatest common factor of 54 and 54?
54
Calculate the greatest common factor of 96 and 42.
6
Calculate the greatest common divisor of 247 and 19.
19
What is the highest common divisor of 315 and 525?
105
Calculate the greatest common factor of 900 and 285.
15
Calculate the highest common factor of 9 and 99.
9
Calculate the highest common divisor of 585 and 260.
65
Calculate the highest common divisor of 2380 and 17.
17
What is the greatest common divisor of 1100 and 88?
44
What is the greatest common divisor of 434 and 126?
14
Calculate the highest common factor of 117 and 234.
117
Calculate the highest common divisor of 25 and 20.
5
What is the greatest common divisor of 242 and 176?
22
What is the highest common factor of 2204 and 152?
76
What is the highest common factor of 66 and 7194?
66
Calculate the highest common divisor of 5528 and 24.
8
Calculate the greatest common divisor of 18 and 1206.
18
Calculate the greatest common factor of 31 and 16151.
31
What is the highest common factor of 18 and 1140?
6
What is the highest common factor of 234 and 3159?
117
Calculate the greatest common divisor of 1184 and 1332.
148
Calculate the greatest common factor of 255 and 102.
51
Calculate the highest common divisor of 15 and 955.
5
What is the highest common factor of 460 and 322?
46
What is the greatest common divisor of 536 and 871?
67
Calculate the highest common factor of 2397 and 102.
51
Calculate the greatest common divisor of 12573 and 297.
99
What is the greatest common divisor of 2 and 83?
1
Calculate the highest common divisor of 42 and 114.
6
Calculate the highest common divisor of 12 and 12.
12
Calculate the greatest common divisor of 6864 and 99.
33
What is the highest common divisor of 240 and 4110?
30
Calculate the greatest common divisor of 2730 and 105.
105
What is the highest common divisor of 3262 and 224?
14
What is the greatest common factor of 55 and 583?
11
Calculate the highest common divisor of 13152 and 96.
96
Calculate the highest common factor of 1638 and 1456.
182
What is the highest common factor of 41 and 30053?
41
What is the greatest common factor of 36 and 198?
18
Calculate the highest common factor of 165 and 935.
55
Calculate the highest common divisor of 696 and 8526.
174
Calculate the highest common divisor of 10366 and 284.
142
What is the highest common divisor of 1210 and 33?
11
Calculate the greatest common factor of 231 and 168.
21
What is the greatest common factor of 5 and 3?
1
Calculate the greatest common factor of 2352 and 252.
84
What is the highest common factor of 63 and 2583?
63
What is the greatest common factor of 539 and 44?
11
Calculate the greatest common factor of 4214 and 258.
86
What is the greatest common factor of 732 and 36?
12
What is the greatest common factor of 6 and 537?
3
What is the greatest common factor of 174 and 754?
58
What is the highest common divisor of 6040 